{"id":48,"date":"2019-04-18T11:12:45","date_gmt":"2019-04-18T11:12:45","guid":{"rendered":"https:\/\/envothemes.com\/envo-ecommerce\/?page_id=48"},"modified":"2023-03-15T11:53:28","modified_gmt":"2023-03-15T14:53:28","slug":"contact","status":"publish","type":"page","link":"https:\/\/jcreativemoveis.com.br\/?page_id=48","title":{"rendered":"Contato"},"content":{"rendered":"\n<p>F\u00e1brica especializada em <strong>Mesas Saarinen<\/strong>. Qualidade e sofistica\u00e7\u00e3o para a sua casa!<\/p>\n\n\n\n<p><strong>PEDIDOS E OR\u00c7AMENTOS: <\/strong><\/p>\n\n\n\n<p>\ud83d\udcf2 WhatsApp: 11 99606-8791 ou <a href=\"mailto:jcmoveisdesign@gmail.com\">jcmoveisdesign@gmail.com<\/a><\/p>\n\n\n\n<p><strong>NOSSO ENDERE\u00c7O:<\/strong><\/p>\n\n\n\n<p>Av. Aldeia Manuel Ant\u00f4nio, 184 VL. Nhocune S\u00e3o Paulo\/SP CEP: 03563060<\/p>\n\n\n\n<p><strong>AGENDAMENTO DE VISITAS<\/strong>: \ud83d\udcf2 WhatsApp: 11 98720-7801<\/p>\n","protected":false},"excerpt":{"rendered":"<p>F\u00e1brica especializada em Mesas Saarinen. Qualidade e sofistica\u00e7\u00e3o para a sua casa! PEDIDOS E OR\u00c7AMENTOS: \ud83d\udcf2 WhatsApp: 11 99606-8791 ou jcmoveisdesign@gmail.com NOSSO ENDERE\u00c7O: Av. Aldeia Manuel Ant\u00f4nio, 184 VL. Nhocune [&hellip;]<\/p>\n","protected":false},"author":1,"featured_media":0,"parent":0,"menu_order":0,"comment_status":"closed","ping_status":"closed","template":"","meta":{"footnotes":""},"class_list":["post-48","page","type-page","status-publish","hentry"],"_links":{"self":[{"href":"https:\/\/jcreativemoveis.com.br\/index.php?rest_route=\/wp\/v2\/pages\/48","targetHints":{"allow":["GET"]}}],"collection":[{"href":"https:\/\/jcreativemoveis.com.br\/index.php?rest_route=\/wp\/v2\/pages"}],"about":[{"href":"https:\/\/jcreativemoveis.com.br\/index.php?rest_route=\/wp\/v2\/types\/page"}],"author":[{"embeddable":true,"href":"https:\/\/jcreativemoveis.com.br\/index.php?rest_route=\/wp\/v2\/users\/1"}],"replies":[{"embeddable":true,"href":"https:\/\/jcreativemoveis.com.br\/index.php?rest_route=%2Fwp%2Fv2%2Fcomments&post=48"}],"version-history":[{"count":18,"href":"https:\/\/jcreativemoveis.com.br\/index.php?rest_route=\/wp\/v2\/pages\/48\/revisions"}],"predecessor-version":[{"id":2048,"href":"https:\/\/jcreativemoveis.com.br\/index.php?rest_route=\/wp\/v2\/pages\/48\/revisions\/2048"}],"wp:attachment":[{"href":"https:\/\/jcreativemoveis.com.br\/index.php?rest_route=%2Fwp%2Fv2%2Fmedia&parent=48"}],"curies":[{"name":"wp","href":"https:\/\/api.w.org\/{rel}","templated":true}]}}