{"id":899,"date":"2020-09-18T15:27:59","date_gmt":"2020-09-18T18:27:59","guid":{"rendered":"https:\/\/jcreativemoveis.com.br\/?page_id=899"},"modified":"2023-03-14T22:51:42","modified_gmt":"2023-03-15T01:51:42","slug":"mesa-saarinen-redonda","status":"publish","type":"page","link":"https:\/\/jcreativemoveis.com.br\/?page_id=899","title":{"rendered":"Mesa Saarinen Redonda"},"content":{"rendered":"\n<h2 class=\"wp-block-heading\">Mesa Saarinen Redonda<\/h2>\n\n\n<div data-block-name=\"woocommerce\/product-category\" data-categories=\"[64]\" class=\"wc-block-grid wp-block-product-category wp-block-woocommerce-product-category wc-block-product-category has-3-columns has-multiple-rows\"><ul class=\"wc-block-grid__products\"><li class=\"wc-block-grid__product product-grid \">\n\t\t\t\t<div class=\"loop-image-wrap botiga-add-to-cart-button-layout2 botiga-quick-view-button-layout2\">\n\t\t\t\t\t<a href=\"https:\/\/jcreativemoveis.com.br\/?product=mesa-saarinen-jantar-redonda-laqueada\" class=\"wc-block-grid__product-link\" title=\"Ver op\u00e7\u00f5es\">\n\t\t\t\t\t\t<div class=\"wc-block-grid__product-image\"><img loading=\"lazy\" decoding=\"async\" width=\"420\" height=\"454\" src=\"https:\/\/jcreativemoveis.com.br\/wp-content\/uploads\/2020\/09\/laqueada-420x454.jpg\" class=\"attachment-woocommerce_thumbnail size-woocommerce_thumbnail\" alt=\"Mesa Saarinen Redonda Laqueada\" srcset=\"https:\/\/jcreativemoveis.com.br\/wp-content\/uploads\/2020\/09\/laqueada-420x454.jpg 420w, https:\/\/jcreativemoveis.com.br\/wp-content\/uploads\/2020\/09\/laqueada-277x300.jpg 277w, https:\/\/jcreativemoveis.com.br\/wp-content\/uploads\/2020\/09\/laqueada-600x649.jpg 600w, https:\/\/jcreativemoveis.com.br\/wp-content\/uploads\/2020\/09\/laqueada.jpg 603w\" sizes=\"auto, (max-width: 420px) 100vw, 420px\" \/><\/div>\n\t\t\t\t\t<\/a>\n\t<a href=\"#\" class=\"button botiga-quick-view-show-on-hover botiga-quick-view botiga-quick-view-layout2\" aria-label=\"Visualiza\u00e7\u00e3o r\u00e1pida do produto Mesa Saarinen Redonda Laqueada\" data-product-id=\"1140\" data-nonce=\"d3ba1b54c0\">\n\t\tVisualiza\u00e7\u00e3o r\u00e1pida\t<\/a>\n\t<\/div><a href=\"https:\/\/jcreativemoveis.com.br\/?product=mesa-saarinen-jantar-redonda-laqueada\" class=\"wc-block-grid__product-link\">\n\t\t\t\t\t<div class=\"wc-block-grid__product-title\">Mesa Saarinen Redonda Laqueada<\/div>\n\t\t\t\t<\/a><div class=\"wc-block-grid__product-price price\"><span class=\"woocommerce-Price-amount amount\" aria-hidden=\"true\"><span class=\"woocommerce-Price-currencySymbol\">&#082;&#036;<\/span>1,700.00<\/span> <span aria-hidden=\"true\">&ndash;<\/span> <span class=\"woocommerce-Price-amount amount\" aria-hidden=\"true\"><span class=\"woocommerce-Price-currencySymbol\">&#082;&#036;<\/span>3,500.00<\/span><span class=\"screen-reader-text\">Price range: &#082;&#036;1,700.00 through &#082;&#036;3,500.00<\/span><\/div><div class=\"wp-block-button wc-block-grid__product-add-to-cart\"><div class=\"loop-button-wrap button-width-auto button-layout2 \"><a href=\"https:\/\/jcreativemoveis.com.br\/?product=mesa-saarinen-jantar-redonda-laqueada\" aria-label=\"Selecione as op\u00e7\u00f5es para &ldquo;Mesa Saarinen Redonda Laqueada&rdquo;\" data-quantity=\"1\" data-product_id=\"1140\" data-product_sku=\"07-1-1\" rel=\"nofollow\" class=\"button wp-block-button__link add_to_cart_button\">Ver op\u00e7\u00f5es<\/a><\/div><\/div><\/li><li class=\"wc-block-grid__product product-grid \">\n\t\t\t\t<div class=\"loop-image-wrap botiga-add-to-cart-button-layout2 botiga-quick-view-button-layout2\">\n\t\t\t\t\t<a href=\"https:\/\/jcreativemoveis.com.br\/?product=mesa-saarinen-jantar-redonda-freijo\" class=\"wc-block-grid__product-link\" title=\"Ver op\u00e7\u00f5es\">\n\t\t\t\t\t\t<div class=\"wc-block-grid__product-image\"><img loading=\"lazy\" decoding=\"async\" width=\"420\" height=\"454\" src=\"https:\/\/jcreativemoveis.com.br\/wp-content\/uploads\/2022\/06\/Madeira-420x454.jpg\" class=\"attachment-woocommerce_thumbnail size-woocommerce_thumbnail\" alt=\"Mesa Saarinen Redonda Madeiras\" srcset=\"https:\/\/jcreativemoveis.com.br\/wp-content\/uploads\/2022\/06\/Madeira-420x454.jpg 420w, https:\/\/jcreativemoveis.com.br\/wp-content\/uploads\/2022\/06\/Madeira-277x300.jpg 277w, https:\/\/jcreativemoveis.com.br\/wp-content\/uploads\/2022\/06\/Madeira-600x649.jpg 600w, https:\/\/jcreativemoveis.com.br\/wp-content\/uploads\/2022\/06\/Madeira.jpg 603w\" sizes=\"auto, (max-width: 420px) 100vw, 420px\" \/><\/div>\n\t\t\t\t\t<\/a>\n\t<a href=\"#\" class=\"button botiga-quick-view-show-on-hover botiga-quick-view botiga-quick-view-layout2\" aria-label=\"Visualiza\u00e7\u00e3o r\u00e1pida do produto Mesa Saarinen Redonda Madeiras\" data-product-id=\"551\" data-nonce=\"d3ba1b54c0\">\n\t\tVisualiza\u00e7\u00e3o r\u00e1pida\t<\/a>\n\t<\/div><a href=\"https:\/\/jcreativemoveis.com.br\/?product=mesa-saarinen-jantar-redonda-freijo\" class=\"wc-block-grid__product-link\">\n\t\t\t\t\t<div class=\"wc-block-grid__product-title\">Mesa Saarinen Redonda Madeiras<\/div>\n\t\t\t\t<\/a><div class=\"wc-block-grid__product-price price\"><span class=\"woocommerce-Price-amount amount\" aria-hidden=\"true\"><span class=\"woocommerce-Price-currencySymbol\">&#082;&#036;<\/span>1,600.00<\/span> <span aria-hidden=\"true\">&ndash;<\/span> <span class=\"woocommerce-Price-amount amount\" aria-hidden=\"true\"><span class=\"woocommerce-Price-currencySymbol\">&#082;&#036;<\/span>3,400.00<\/span><span class=\"screen-reader-text\">Price range: &#082;&#036;1,600.00 through &#082;&#036;3,400.00<\/span><\/div><div class=\"wp-block-button wc-block-grid__product-add-to-cart\"><div class=\"loop-button-wrap button-width-auto button-layout2 \"><a href=\"https:\/\/jcreativemoveis.com.br\/?product=mesa-saarinen-jantar-redonda-freijo\" aria-label=\"Selecione as op\u00e7\u00f5es para &ldquo;Mesa Saarinen Redonda Madeiras&rdquo;\" data-quantity=\"1\" data-product_id=\"551\" data-product_sku=\"11\" rel=\"nofollow\" class=\"button wp-block-button__link add_to_cart_button\">Ver op\u00e7\u00f5es<\/a><\/div><\/div><\/li><li class=\"wc-block-grid__product product-grid \">\n\t\t\t\t<div class=\"loop-image-wrap botiga-add-to-cart-button-layout2 botiga-quick-view-button-layout2\">\n\t\t\t\t\t<a href=\"https:\/\/jcreativemoveis.com.br\/?product=mesa-saarinen-jantar-redonda-espirito-santo\" class=\"wc-block-grid__product-link\" title=\"Ver op\u00e7\u00f5es\">\n\t\t\t\t\t\t<div class=\"wc-block-grid__product-image\"><img loading=\"lazy\" decoding=\"async\" width=\"420\" height=\"454\" src=\"https:\/\/jcreativemoveis.com.br\/wp-content\/uploads\/2022\/06\/Marmore-420x454.jpg\" class=\"attachment-woocommerce_thumbnail size-woocommerce_thumbnail\" alt=\"Mesa Saarinen Redonda Esp\u00edrito Santo\" srcset=\"https:\/\/jcreativemoveis.com.br\/wp-content\/uploads\/2022\/06\/Marmore-420x454.jpg 420w, https:\/\/jcreativemoveis.com.br\/wp-content\/uploads\/2022\/06\/Marmore-277x300.jpg 277w, https:\/\/jcreativemoveis.com.br\/wp-content\/uploads\/2022\/06\/Marmore-600x649.jpg 600w, https:\/\/jcreativemoveis.com.br\/wp-content\/uploads\/2022\/06\/Marmore.jpg 603w\" sizes=\"auto, (max-width: 420px) 100vw, 420px\" \/><\/div>\n\t\t\t\t\t<\/a>\n\t<a href=\"#\" class=\"button botiga-quick-view-show-on-hover botiga-quick-view botiga-quick-view-layout2\" aria-label=\"Visualiza\u00e7\u00e3o r\u00e1pida do produto Mesa Saarinen Redonda Esp\u00edrito Santo\" data-product-id=\"461\" data-nonce=\"d3ba1b54c0\">\n\t\tVisualiza\u00e7\u00e3o r\u00e1pida\t<\/a>\n\t<\/div><a href=\"https:\/\/jcreativemoveis.com.br\/?product=mesa-saarinen-jantar-redonda-espirito-santo\" class=\"wc-block-grid__product-link\">\n\t\t\t\t\t<div class=\"wc-block-grid__product-title\">Mesa Saarinen Redonda Esp\u00edrito Santo<\/div>\n\t\t\t\t<\/a><div class=\"wc-block-grid__product-price price\"><span class=\"woocommerce-Price-amount amount\" aria-hidden=\"true\"><span class=\"woocommerce-Price-currencySymbol\">&#082;&#036;<\/span>1,500.00<\/span> <span aria-hidden=\"true\">&ndash;<\/span> <span class=\"woocommerce-Price-amount amount\" aria-hidden=\"true\"><span class=\"woocommerce-Price-currencySymbol\">&#082;&#036;<\/span>4,200.00<\/span><span class=\"screen-reader-text\">Price range: &#082;&#036;1,500.00 through &#082;&#036;4,200.00<\/span><\/div><div class=\"wp-block-button wc-block-grid__product-add-to-cart\"><div class=\"loop-button-wrap button-width-auto button-layout2 \"><a href=\"https:\/\/jcreativemoveis.com.br\/?product=mesa-saarinen-jantar-redonda-espirito-santo\" aria-label=\"Selecione as op\u00e7\u00f5es para &ldquo;Mesa Saarinen Redonda Esp\u00edrito Santo&rdquo;\" data-quantity=\"1\" data-product_id=\"461\" data-product_sku=\"07\" rel=\"nofollow\" class=\"button wp-block-button__link add_to_cart_button\">Ver op\u00e7\u00f5es<\/a><\/div><\/div><\/li><\/ul><\/div>","protected":false},"excerpt":{"rendered":"<p>Mesa Saarinen Redonda<\/p>\n","protected":false},"author":1,"featured_media":0,"parent":0,"menu_order":0,"comment_status":"closed","ping_status":"closed","template":"","meta":{"footnotes":""},"class_list":["post-899","page","type-page","status-publish","hentry"],"_links":{"self":[{"href":"https:\/\/jcreativemoveis.com.br\/index.php?rest_route=\/wp\/v2\/pages\/899","targetHints":{"allow":["GET"]}}],"collection":[{"href":"https:\/\/jcreativemoveis.com.br\/index.php?rest_route=\/wp\/v2\/pages"}],"about":[{"href":"https:\/\/jcreativemoveis.com.br\/index.php?rest_route=\/wp\/v2\/types\/page"}],"author":[{"embeddable":true,"href":"https:\/\/jcreativemoveis.com.br\/index.php?rest_route=\/wp\/v2\/users\/1"}],"replies":[{"embeddable":true,"href":"https:\/\/jcreativemoveis.com.br\/index.php?rest_route=%2Fwp%2Fv2%2Fcomments&post=899"}],"version-history":[{"count":13,"href":"https:\/\/jcreativemoveis.com.br\/index.php?rest_route=\/wp\/v2\/pages\/899\/revisions"}],"predecessor-version":[{"id":2026,"href":"https:\/\/jcreativemoveis.com.br\/index.php?rest_route=\/wp\/v2\/pages\/899\/revisions\/2026"}],"wp:attachment":[{"href":"https:\/\/jcreativemoveis.com.br\/index.php?rest_route=%2Fwp%2Fv2%2Fmedia&parent=899"}],"curies":[{"name":"wp","href":"https:\/\/api.w.org\/{rel}","templated":true}]}}