{"id":1565,"date":"2021-06-27T13:06:51","date_gmt":"2021-06-27T16:06:51","guid":{"rendered":"https:\/\/jcreativemoveis.com.br\/?post_type=product&#038;p=1565"},"modified":"2026-03-02T17:12:13","modified_gmt":"2026-03-02T20:12:13","slug":"mesa-saarinen-oval-madeira","status":"publish","type":"product","link":"https:\/\/jcreativemoveis.com.br\/?product=mesa-saarinen-oval-madeira","title":{"rendered":"Mesa Saarinen Oval &#8211; Madeiras"},"content":{"rendered":"<p>As mesas Saarinen de madeira (MDF com lamina\u00e7\u00e3o)<\/p>\n<p>Op\u00e7\u00f5es de madeiras:<\/p>\n<p><strong>Madeira Freij\u00f3<\/strong><\/p>\n<p>A tonalidade do Freij\u00f3 poder ser puxada para o amarelado ou alaranjado e, tem como caracter\u00edstica pequenos pontos pretos ao longo da folha chamados de \u201cN\u00f3 da madeira\u201d.<br \/>\nS\u00e3o aplicadas quatro camadas de seladora tampando os poros da madeira e a deixando com acabamento acetinado.<\/p>\n<p><strong>Madeira Imbui\u00e1<\/strong><\/p>\n<p>A tonalidade da Imbuia pode ser puxada para o mais escuro ou m\u00e9dio e tem como caracter\u00edstica pequenos riscos claros ao longo da folha.<br \/>\nS\u00e3o aplicadas quatro camadas de seladora tampando os poros da madeira e a deixando com acabamento acetinado.<\/p>\n<p><strong>Madeira Pau Ferro<\/strong><\/p>\n<p>A tonalidade do Pau Ferro pode ser puxada para o preto ou avermelhado e, tem como caracter\u00edstica pequenos furos ao longo da l\u00e2mina chamados de \u201cn\u00f3 de madeira\u201d. S\u00e3o aplicadas quatro camadas seladoras tampando os poros da madeira para deixa-la com acabamento perfeito.<\/p>\n<p><img loading=\"lazy\" decoding=\"async\" class=\"alignnone size-medium wp-image-2073\" src=\"https:\/\/jcreativemoveis.com.br\/wp-content\/uploads\/2021\/06\/WhatsApp-Image-2023-03-16-at-18.40.12-300x300.jpeg\" alt=\"\" width=\"300\" height=\"300\" srcset=\"https:\/\/jcreativemoveis.com.br\/wp-content\/uploads\/2021\/06\/WhatsApp-Image-2023-03-16-at-18.40.12-300x300.jpeg 300w, https:\/\/jcreativemoveis.com.br\/wp-content\/uploads\/2021\/06\/WhatsApp-Image-2023-03-16-at-18.40.12-150x150.jpeg 150w, https:\/\/jcreativemoveis.com.br\/wp-content\/uploads\/2021\/06\/WhatsApp-Image-2023-03-16-at-18.40.12-380x381.jpeg 380w, https:\/\/jcreativemoveis.com.br\/wp-content\/uploads\/2021\/06\/WhatsApp-Image-2023-03-16-at-18.40.12-420x422.jpeg 420w, https:\/\/jcreativemoveis.com.br\/wp-content\/uploads\/2021\/06\/WhatsApp-Image-2023-03-16-at-18.40.12-100x100.jpeg 100w, https:\/\/jcreativemoveis.com.br\/wp-content\/uploads\/2021\/06\/WhatsApp-Image-2023-03-16-at-18.40.12.jpeg 536w\" sizes=\"auto, (max-width: 300px) 100vw, 300px\" \/><\/p>\n","protected":false},"excerpt":{"rendered":"<p>As mesas Saarinen de madeira (MDF com lamina\u00e7\u00e3o) Op\u00e7\u00f5es de madeiras: Madeira Freij\u00f3 A tonalidade do Freij\u00f3 poder ser puxada para o amarelado ou alaranjado e, tem como caracter\u00edstica pequenos [&hellip;]<\/p>\n","protected":false},"featured_media":1347,"comment_status":"open","ping_status":"closed","template":"","meta":[],"product_brand":[],"product_cat":[63,62],"product_tag":[],"class_list":{"0":"post-1565","1":"product","2":"type-product","3":"status-publish","4":"has-post-thumbnail","6":"product_cat-mesa-saarinen-oval","7":"product_cat-mesas-saarinen","9":"first","10":"onbackorder","11":"taxable","12":"shipping-taxable","13":"purchasable","14":"product-type-variable","15":"has-default-attributes"},"_links":{"self":[{"href":"https:\/\/jcreativemoveis.com.br\/index.php?rest_route=\/wp\/v2\/product\/1565","targetHints":{"allow":["GET"]}}],"collection":[{"href":"https:\/\/jcreativemoveis.com.br\/index.php?rest_route=\/wp\/v2\/product"}],"about":[{"href":"https:\/\/jcreativemoveis.com.br\/index.php?rest_route=\/wp\/v2\/types\/product"}],"replies":[{"embeddable":true,"href":"https:\/\/jcreativemoveis.com.br\/index.php?rest_route=%2Fwp%2Fv2%2Fcomments&post=1565"}],"wp:featuredmedia":[{"embeddable":true,"href":"https:\/\/jcreativemoveis.com.br\/index.php?rest_route=\/wp\/v2\/media\/1347"}],"wp:attachment":[{"href":"https:\/\/jcreativemoveis.com.br\/index.php?rest_route=%2Fwp%2Fv2%2Fmedia&parent=1565"}],"wp:term":[{"taxonomy":"product_brand","embeddable":true,"href":"https:\/\/jcreativemoveis.com.br\/index.php?rest_route=%2Fwp%2Fv2%2Fproduct_brand&post=1565"},{"taxonomy":"product_cat","embeddable":true,"href":"https:\/\/jcreativemoveis.com.br\/index.php?rest_route=%2Fwp%2Fv2%2Fproduct_cat&post=1565"},{"taxonomy":"product_tag","embeddable":true,"href":"https:\/\/jcreativemoveis.com.br\/index.php?rest_route=%2Fwp%2Fv2%2Fproduct_tag&post=1565"}],"curies":[{"name":"wp","href":"https:\/\/api.w.org\/{rel}","templated":true}]}}