{"id":551,"date":"2020-04-28T16:30:19","date_gmt":"2020-04-28T19:30:19","guid":{"rendered":"https:\/\/jcreativemoveis.com.br\/?post_type=product&#038;p=551"},"modified":"2026-03-02T17:10:10","modified_gmt":"2026-03-02T20:10:10","slug":"mesa-saarinen-jantar-redonda-freijo","status":"publish","type":"product","link":"https:\/\/jcreativemoveis.com.br\/?product=mesa-saarinen-jantar-redonda-freijo","title":{"rendered":"Mesa Saarinen Redonda Madeiras"},"content":{"rendered":"<p>Tonalidade vari\u00e1vel,\u00a0pardo-claro-amarelado ou, tamb\u00e9m, pardo-claro-acastanhado.<\/p>\n<p><strong>Limpeza:\u00a0<\/strong>Limpeza com um pano macio e seco<\/p>\n<p><strong>Montagem:<\/strong> A mesa \u00e9 enviada desmontada, enviamos um v\u00eddeo de montagem b\u00e1sico e de f\u00e1cil entendimento. Montagem somente em S\u00e3o Paulo!<\/p>\n<p><strong>Transporte\/ Embalagem:\u00a0<\/strong>Entregas para fora de S\u00e3o Paulo, s\u00e3o enviadas por transportadora especializada em m\u00f3veis fr\u00e1geis. Embalagem do m\u00e1rmore\/granito \u00e9 usado um engradado de madeira para proteger devido decorrer do transporte.<\/p>\n","protected":false},"excerpt":{"rendered":"<p>Tonalidade vari\u00e1vel,\u00a0pardo-claro-amarelado ou, tamb\u00e9m, pardo-claro-acastanhado. Limpeza:\u00a0Limpeza com um pano macio e seco Montagem: A mesa \u00e9 enviada desmontada, enviamos um v\u00eddeo de montagem b\u00e1sico e de f\u00e1cil entendimento. Montagem somente [&hellip;]<\/p>\n","protected":false},"featured_media":1817,"comment_status":"open","ping_status":"closed","template":"","meta":[],"product_brand":[],"product_cat":[134,64],"product_tag":[95,90,77,96,93,98,91,97,75,94,92,89,76],"class_list":{"0":"post-551","1":"product","2":"type-product","3":"status-publish","4":"has-post-thumbnail","6":"product_cat-madeiras-e-laqueadas","7":"product_cat-mesa-saarinen-redonda","8":"product_tag-cadeira-de-jantar","9":"product_tag-cadeiras-eames","10":"product_tag-carrara","11":"product_tag-cores","12":"product_tag-design-de-interiores","13":"product_tag-dsw","14":"product_tag-jcreative-moveis","15":"product_tag-leda","16":"product_tag-marmore","17":"product_tag-mesa-de-jantar","18":"product_tag-mesas-design","19":"product_tag-mesas-saarinen","20":"product_tag-saarinen","22":"first","23":"onbackorder","24":"taxable","25":"shipping-taxable","26":"purchasable","27":"product-type-variable"},"_links":{"self":[{"href":"https:\/\/jcreativemoveis.com.br\/index.php?rest_route=\/wp\/v2\/product\/551","targetHints":{"allow":["GET"]}}],"collection":[{"href":"https:\/\/jcreativemoveis.com.br\/index.php?rest_route=\/wp\/v2\/product"}],"about":[{"href":"https:\/\/jcreativemoveis.com.br\/index.php?rest_route=\/wp\/v2\/types\/product"}],"replies":[{"embeddable":true,"href":"https:\/\/jcreativemoveis.com.br\/index.php?rest_route=%2Fwp%2Fv2%2Fcomments&post=551"}],"wp:featuredmedia":[{"embeddable":true,"href":"https:\/\/jcreativemoveis.com.br\/index.php?rest_route=\/wp\/v2\/media\/1817"}],"wp:attachment":[{"href":"https:\/\/jcreativemoveis.com.br\/index.php?rest_route=%2Fwp%2Fv2%2Fmedia&parent=551"}],"wp:term":[{"taxonomy":"product_brand","embeddable":true,"href":"https:\/\/jcreativemoveis.com.br\/index.php?rest_route=%2Fwp%2Fv2%2Fproduct_brand&post=551"},{"taxonomy":"product_cat","embeddable":true,"href":"https:\/\/jcreativemoveis.com.br\/index.php?rest_route=%2Fwp%2Fv2%2Fproduct_cat&post=551"},{"taxonomy":"product_tag","embeddable":true,"href":"https:\/\/jcreativemoveis.com.br\/index.php?rest_route=%2Fwp%2Fv2%2Fproduct_tag&post=551"}],"curies":[{"name":"wp","href":"https:\/\/api.w.org\/{rel}","templated":true}]}}